{"id":25,"date":"2023-11-20T10:13:21","date_gmt":"2023-11-20T13:13:21","guid":{"rendered":"https:\/\/treinamentolivre.com\/coder\/?post_type=product&#038;p=25"},"modified":"2024-01-05T10:58:17","modified_gmt":"2024-01-05T13:58:17","slug":"analisis-matematico","status":"publish","type":"product","link":"https:\/\/treinamentolivre.com\/coder\/?product=analisis-matematico","title":{"rendered":"[APOSTOL] AN\u00c1LISIS MATEM\u00c1TICO"},"content":{"rendered":"<p>[1]TG-01<br \/>\nApostol, Tom M. (1923-2016)<br \/>\nAn\u00e1lisis Matem\u00e1tico. 2a. edici\u00f3n. Espa\u00f1ol.<br \/>\nEditorial Revert\u00e9. Barcelona. 1977<br \/>\n596p.<br \/>\nisbn-13: 978-8429150049<\/p>\n","protected":false},"excerpt":{"rendered":"<p>[1]TG-01 Apostol, Tom M. (1923-2016) An\u00e1lisis Matem\u00e1tico. 2a. edici\u00f3n. Espa\u00f1ol. Editorial Revert\u00e9. Barcelona. 1977 596p. isbn-13: 978-8429150049<\/p>\n","protected":false},"featured_media":0,"comment_status":"open","ping_status":"closed","template":"","meta":[],"product_cat":[33,21,17],"product_tag":[20,18,19],"class_list":{"0":"post-25","1":"product","2":"type-product","3":"status-publish","5":"product_cat-analise","6":"product_cat-calculo","7":"product_cat-livro","8":"product_tag-analise","9":"product_tag-livro","10":"product_tag-matematica","11":"excerpt","23":"first","24":"instock","25":"purchasable","26":"product-type-simple"},"jetpack_sharing_enabled":true,"_links":{"self":[{"href":"https:\/\/treinamentolivre.com\/coder\/index.php?rest_route=\/wp\/v2\/product\/25","targetHints":{"allow":["GET"]}}],"collection":[{"href":"https:\/\/treinamentolivre.com\/coder\/index.php?rest_route=\/wp\/v2\/product"}],"about":[{"href":"https:\/\/treinamentolivre.com\/coder\/index.php?rest_route=\/wp\/v2\/types\/product"}],"replies":[{"embeddable":true,"href":"https:\/\/treinamentolivre.com\/coder\/index.php?rest_route=%2Fwp%2Fv2%2Fcomments&post=25"}],"wp:attachment":[{"href":"https:\/\/treinamentolivre.com\/coder\/index.php?rest_route=%2Fwp%2Fv2%2Fmedia&parent=25"}],"wp:term":[{"taxonomy":"product_cat","embeddable":true,"href":"https:\/\/treinamentolivre.com\/coder\/index.php?rest_route=%2Fwp%2Fv2%2Fproduct_cat&post=25"},{"taxonomy":"product_tag","embeddable":true,"href":"https:\/\/treinamentolivre.com\/coder\/index.php?rest_route=%2Fwp%2Fv2%2Fproduct_tag&post=25"}],"curies":[{"name":"wp","href":"https:\/\/api.w.org\/{rel}","templated":true}]}}