{"id":174,"date":"2024-01-05T09:57:10","date_gmt":"2024-01-05T12:57:10","guid":{"rendered":"https:\/\/treinamentolivre.com\/coder\/?post_type=product&#038;p=174"},"modified":"2024-01-05T10:48:03","modified_gmt":"2024-01-05T13:48:03","slug":"annequin-exercicios-de-ciencias-fisicas-mecanica-2","status":"publish","type":"product","link":"https:\/\/treinamentolivre.com\/coder\/?product=annequin-exercicios-de-ciencias-fisicas-mecanica-2","title":{"rendered":"[ANNEQUIN] EXERCICIOS DE CIENCIAS FISICAS \u2013 Mec\u00e1nica 2"},"content":{"rendered":"<p>QP-05[29]<br \/>\nAnnequin, R.; Boutigny, J.<br \/>\nExercicios de Ciencias Fisicas \u2013 Mec\u00e1nica 1. Espa\u00f1ol.<br \/>\nEditorial Revert\u00e9 S.A. Barcelona. 1978. 200p.<\/p>\n<p>[trad. de] Exercices de Sciences Physiques &#8211; Mecanique 2.<\/p>\n<p>isbn-10: 84-291-4000-X obra completa<br \/>\nisbn-10: 84-291-4058-1 <\/p>\n<p>Livro usado<\/p>\n","protected":false},"excerpt":{"rendered":"<p>QP-05[29] Annequin, R.; Boutigny, J. Exercicios de Ciencias Fisicas \u2013 Mec\u00e1nica 1. Espa\u00f1ol. Editorial Revert\u00e9 S.A. Barcelona. 1978. 200p. [trad. de] Exercices de Sciences Physiques &#8211; Mecanique 2. isbn-10: 84-291-4000-X&#8230;<\/p>\n<div class=\"more-link-wrapper\"><a class=\"more-link\" href=\"https:\/\/treinamentolivre.com\/coder\/?product=annequin-exercicios-de-ciencias-fisicas-mecanica-2\">Continuar a ler&#8230;<span class=\"screen-reader-text\">[ANNEQUIN] EXERCICIOS DE CIENCIAS FISICAS \u2013 Mec\u00e1nica 2<\/span><\/a><\/div>\n","protected":false},"featured_media":0,"comment_status":"open","ping_status":"closed","template":"","meta":[],"product_cat":[36,46],"product_tag":[],"class_list":{"0":"post-174","1":"product","2":"type-product","3":"status-publish","5":"product_cat-fisica","6":"product_cat-mecanica","7":"excerpt","15":"first","16":"instock","17":"taxable","18":"shipping-taxable","19":"purchasable","20":"product-type-simple"},"jetpack_sharing_enabled":true,"_links":{"self":[{"href":"https:\/\/treinamentolivre.com\/coder\/index.php?rest_route=\/wp\/v2\/product\/174","targetHints":{"allow":["GET"]}}],"collection":[{"href":"https:\/\/treinamentolivre.com\/coder\/index.php?rest_route=\/wp\/v2\/product"}],"about":[{"href":"https:\/\/treinamentolivre.com\/coder\/index.php?rest_route=\/wp\/v2\/types\/product"}],"replies":[{"embeddable":true,"href":"https:\/\/treinamentolivre.com\/coder\/index.php?rest_route=%2Fwp%2Fv2%2Fcomments&post=174"}],"wp:attachment":[{"href":"https:\/\/treinamentolivre.com\/coder\/index.php?rest_route=%2Fwp%2Fv2%2Fmedia&parent=174"}],"wp:term":[{"taxonomy":"product_cat","embeddable":true,"href":"https:\/\/treinamentolivre.com\/coder\/index.php?rest_route=%2Fwp%2Fv2%2Fproduct_cat&post=174"},{"taxonomy":"product_tag","embeddable":true,"href":"https:\/\/treinamentolivre.com\/coder\/index.php?rest_route=%2Fwp%2Fv2%2Fproduct_tag&post=174"}],"curies":[{"name":"wp","href":"https:\/\/api.w.org\/{rel}","templated":true}]}}