{"id":163,"date":"2024-01-05T09:09:01","date_gmt":"2024-01-05T12:09:01","guid":{"rendered":"https:\/\/treinamentolivre.com\/coder\/?post_type=product&#038;p=163"},"modified":"2024-01-05T10:49:23","modified_gmt":"2024-01-05T13:49:23","slug":"annequincurso-de-ciencias-fisicas-eletricidad-3","status":"publish","type":"product","link":"https:\/\/treinamentolivre.com\/coder\/?product=annequincurso-de-ciencias-fisicas-eletricidad-3","title":{"rendered":"[ANNEQUIN] CURSO DE CIENCIAS FISICAS &#8211; ELETRICIDAD 3"},"content":{"rendered":"<p>QP-05[21]<br \/>\nAnnequin, R.; Boutigny, J.<br \/>\nCurso de Ciencias Fisicas &#8211; Eletricidad 3. Espa\u00f1ol.<br \/>\nEditorial Revert\u00e9 S.A. Barcelona. 1978.<\/p>\n<p>[trad. de] Electricit\u00e9 3- Cours de Sciences Physiques.<\/p>\n<p>isbn-10: 84-291-4000-X obra completa<br \/>\nisbn-10: 84-291-4005-0 tomo 5<\/p>\n","protected":false},"excerpt":{"rendered":"<p>QP-05[21] Annequin, R.; Boutigny, J. Curso de Ciencias Fisicas &#8211; Eletricidad 3. Espa\u00f1ol. Editorial Revert\u00e9 S.A. Barcelona. 1978. [trad. de] Electricit\u00e9 3- Cours de Sciences Physiques. isbn-10: 84-291-4000-X obra completa&#8230;<\/p>\n<div class=\"more-link-wrapper\"><a class=\"more-link\" href=\"https:\/\/treinamentolivre.com\/coder\/?product=annequincurso-de-ciencias-fisicas-eletricidad-3\">Continuar a ler&#8230;<span class=\"screen-reader-text\">[ANNEQUIN] CURSO DE CIENCIAS FISICAS &#8211; ELETRICIDAD 3<\/span><\/a><\/div>\n","protected":false},"featured_media":0,"comment_status":"open","ping_status":"closed","template":"","meta":[],"product_cat":[47,36],"product_tag":[],"class_list":{"0":"post-163","1":"product","2":"type-product","3":"status-publish","5":"product_cat-eletricidade","6":"product_cat-fisica","7":"excerpt","15":"first","16":"instock","17":"taxable","18":"shipping-taxable","19":"purchasable","20":"product-type-simple"},"jetpack_sharing_enabled":true,"_links":{"self":[{"href":"https:\/\/treinamentolivre.com\/coder\/index.php?rest_route=\/wp\/v2\/product\/163","targetHints":{"allow":["GET"]}}],"collection":[{"href":"https:\/\/treinamentolivre.com\/coder\/index.php?rest_route=\/wp\/v2\/product"}],"about":[{"href":"https:\/\/treinamentolivre.com\/coder\/index.php?rest_route=\/wp\/v2\/types\/product"}],"replies":[{"embeddable":true,"href":"https:\/\/treinamentolivre.com\/coder\/index.php?rest_route=%2Fwp%2Fv2%2Fcomments&post=163"}],"wp:attachment":[{"href":"https:\/\/treinamentolivre.com\/coder\/index.php?rest_route=%2Fwp%2Fv2%2Fmedia&parent=163"}],"wp:term":[{"taxonomy":"product_cat","embeddable":true,"href":"https:\/\/treinamentolivre.com\/coder\/index.php?rest_route=%2Fwp%2Fv2%2Fproduct_cat&post=163"},{"taxonomy":"product_tag","embeddable":true,"href":"https:\/\/treinamentolivre.com\/coder\/index.php?rest_route=%2Fwp%2Fv2%2Fproduct_tag&post=163"}],"curies":[{"name":"wp","href":"https:\/\/api.w.org\/{rel}","templated":true}]}}