{"id":223,"date":"2022-10-31T18:08:30","date_gmt":"2022-10-31T21:08:30","guid":{"rendered":"https:\/\/treinamentolivre.com\/aluno02\/?page_id=223"},"modified":"2022-11-01T18:45:41","modified_gmt":"2022-11-01T21:45:41","slug":"o-exito-de-um-pais","status":"publish","type":"page","link":"https:\/\/treinamentolivre.com\/aluno02\/o-exito-de-um-pais","title":{"rendered":"Progresso"},"content":{"rendered":"\n<p>Uma s\u00e9rie de artigos e documentos sobre o \u00eaxito de um pa\u00eds e como alcan\u00e7\u00e1-lo.<\/p>\n\n\n\n<ol><li><a rel=\"noreferrer noopener\" href=\"https:\/\/www.suno.com.br\/artigos\/idh\/\" target=\"_blank\">IDH: o que \u00e9 e como \u00e9 calculado o \u00edndice de Desenvolvimento Humano<\/a> ?<\/li><li><a href=\"https:\/\/www.youtube.com\/watch?v=DAVjU9-UwmY\" target=\"_blank\" rel=\"noreferrer noopener\">Por que a Noruega \u00e9 o maior IDH do mundo<\/a> ?<\/li><li><a href=\"https:\/\/youtu.be\/KPzfMAsAzmA\" target=\"_blank\" rel=\"noreferrer noopener\">4 dados que mostram por que Brasil \u00e9 um dos pa\u00edses mais desiguais do mundo<\/a>.<\/li><li><a rel=\"noreferrer noopener\" href=\"https:\/\/www.suno.com.br\/artigos\/paises-menos-desenvolvidos\/\" target=\"_blank\">Conhe\u00e7a os 10 Pa\u00edses Menos Desenvolvidos do Mundo<\/a>.<\/li><li><\/li><\/ol>\n\n\n\n<p><\/p>\n","protected":false},"excerpt":{"rendered":"<p>Uma s\u00e9rie de artigos e documentos sobre o \u00eaxito de um pa\u00eds e como alcan\u00e7\u00e1-lo. IDH: o que \u00e9 e como \u00e9 calculado o \u00edndice de Desenvolvimento Humano ? Por que a Noruega \u00e9 o maior IDH do mundo ? 4 dados que mostram por que Brasil \u00e9 um dos pa\u00edses mais desiguais do mundo. &hellip; <a href=\"https:\/\/treinamentolivre.com\/aluno02\/o-exito-de-um-pais\" class=\"more-link\">Continue reading <span class=\"screen-reader-text\">Progresso<\/span> <span class=\"meta-nav\">&rarr;<\/span><\/a><\/p>\n","protected":false},"author":1,"featured_media":0,"parent":0,"menu_order":0,"comment_status":"closed","ping_status":"closed","template":"","meta":[],"_links":{"self":[{"href":"https:\/\/treinamentolivre.com\/aluno02\/wp-json\/wp\/v2\/pages\/223"}],"collection":[{"href":"https:\/\/treinamentolivre.com\/aluno02\/wp-json\/wp\/v2\/pages"}],"about":[{"href":"https:\/\/treinamentolivre.com\/aluno02\/wp-json\/wp\/v2\/types\/page"}],"author":[{"embeddable":true,"href":"https:\/\/treinamentolivre.com\/aluno02\/wp-json\/wp\/v2\/users\/1"}],"replies":[{"embeddable":true,"href":"https:\/\/treinamentolivre.com\/aluno02\/wp-json\/wp\/v2\/comments?post=223"}],"version-history":[{"count":6,"href":"https:\/\/treinamentolivre.com\/aluno02\/wp-json\/wp\/v2\/pages\/223\/revisions"}],"predecessor-version":[{"id":330,"href":"https:\/\/treinamentolivre.com\/aluno02\/wp-json\/wp\/v2\/pages\/223\/revisions\/330"}],"wp:attachment":[{"href":"https:\/\/treinamentolivre.com\/aluno02\/wp-json\/wp\/v2\/media?parent=223"}],"curies":[{"name":"wp","href":"https:\/\/api.w.org\/{rel}","templated":true}]}}