{"id":115,"date":"2021-04-01T18:29:13","date_gmt":"2021-04-01T21:29:13","guid":{"rendered":"http:\/\/treinamentolivre.com\/aluno01\/?page_id=115"},"modified":"2021-09-10T18:24:30","modified_gmt":"2021-09-10T21:24:30","slug":"ia-na-sua-vida","status":"publish","type":"page","link":"https:\/\/treinamentolivre.com\/aluno01\/ia-na-sua-vida","title":{"rendered":"IA na sua vida"},"content":{"rendered":"\n<ul><li>O Windows 10 tem o seu Speech Recognition e sua Cortana, reconhecendo sua voz e digitando textos para voc\u00ea (por enquanto, em ingl\u00eas, alem\u00e3o, espanhol, japon\u00eas franc\u00eas, e chin\u00eas).<\/li><li>A Apple faz o mesmo com a Siri no iPhone e no Mac, mas em portugu\u00eas. <\/li><li>O Uber percebe quando voc\u00ea precisa de um c\u00f3digo de seguran\u00e7a para entrar no carro porque o outro motorista te deixou na m\u00e3o. E calcula constantemente quando voc\u00ea vai chegar no destino, baseado no tr\u00e1fego. <\/li><li>O Youtube percebe quando voc\u00ea gostou de um an\u00fancio e vai removendo os an\u00fancios tidos como &#8220;indesejados&#8221; aos poucos. O Facebook tamb\u00e9m.<\/li><li>Quando voc\u00ea diz &#8220;- Ok Google&#8221;, faz uma pergunta e n\u00e3o fica feliz com a resposta, verbalizando isso, ele pede desculpas e tenta melhorar. <\/li><li>Os rob\u00f4s daquele candidato persistem em mandar &#8220;not\u00edcias&#8221; mentirosas, para fazer sua cabe\u00e7a e criar um ambiente falso de vota\u00e7\u00e3o e, depois da inevit\u00e1vel vit\u00f3ria, um ambiente de manuten\u00e7\u00e3o de poder. <\/li><li>Os rob\u00f4s daquele outro candidato mandam not\u00edcias tendenciosas pelo menos tr\u00eas vezes ao dia.<\/li><li> Aquela faculdade aparece em todos os sites que usam Google Ads e fica quase imposs\u00edvel escapar da propaganda da p\u00f3s-gradua\u00e7\u00e3o.<\/li><li>A concession\u00e1ria de eletricidade cobra a energia por perfil de consumo, transformando o agente humano de medi\u00e7\u00e3o em mero entregador de papel.<\/li><li>A prefeitura da cidade do Rio de Janeiro faz seu primeiro concurso de vagas para analistas com base em intelig\u00eancia artificial, em abril de 2021, enquanto os sindicatos silenciam. Sal\u00e1rio: US$ 2627,89.<\/li><li>O seu telefone toca e um rob\u00f4 reconhece a sua voz, ou se esfor\u00e7a silenciosamente por ouvi-la para reconhec\u00ea-la no futuro.<\/li><li>Seu produto comprado na internet tem um custo de entrega. Este custo precisa ser calculado, de acordo com hor\u00e1rios de circula\u00e7\u00e3o de ve\u00edculos, tipo de produto, tipo de ve\u00edculo, condi\u00e7\u00f5es do tempo, legisla\u00e7\u00f5es locais, esse custo ir\u00e1 variar, al\u00e9m do tempo de entrega. O site do fornecedor ainda precisa avisar a voc\u00ea em que fase est\u00e1 o atendimento. O Magazine Luiza faz isso hoje, e seria bem dif\u00edcil sem intelig\u00eancia artificial. \u00c9 a IA, que permite, por exemplo, perceber que apesar da entrega se realizar no dia A, a portaria s\u00f3 comunica ao morador no dia A+1.<\/li><li>Algumas aeronaves, usadas em miss\u00f5es que v\u00e3o desde guerras at\u00e9 inspe\u00e7\u00e3o de represas voam  <a rel=\"noreferrer noopener\" href=\"https:\/\/exame.com\/tecnologia\/avioes-sem-piloto-invadem-o-ceu\/\" target=\"_blank\">sem piloto a bordo ou remoto<\/a>. Algumas tem o poder de decidir a morte de pessoas, baseadas em suas c\u00e2meras e processadores de sinais. O piloto n\u00e3o atua mais nem na decolagem ou na aterrissagem.<\/li><li>Suspeito at\u00e9 que a IA j\u00e1 pode nos dizer como consertar o desastre que causamos em nosso meio ambiente ou se \u00e9 tarde demais para tentar. Talvez j\u00e1 tenha dito. Afinal, as grandes organiza\u00e7\u00f5es est\u00e3o com muita pressa para ir a Marte.<\/li><\/ul>\n\n\n\n<p>Parece que a pergunta: &#8220;- O que faz a IA na sua vida ?&#8221; \u00e9 in\u00fatil depois pensarmos em tudo isso, n\u00e3o ?<\/p>\n\n\n\n<figure class=\"wp-block-embed is-type-wp-embed is-provider-i-2-inteligencia-artificial wp-block-embed-i-2-inteligencia-artificial\"><div class=\"wp-block-embed__wrapper\">\n<blockquote class=\"wp-embedded-content\" data-secret=\"wjNOSpG01D\"><a href=\"http:\/\/treinamentolivre.com\/aluno01\/arquivos\/1054\">Explicando: Xadrez.<\/a><\/blockquote><iframe class=\"wp-embedded-content\" sandbox=\"allow-scripts\" security=\"restricted\" style=\"position: absolute; clip: rect(1px, 1px, 1px, 1px);\" title=\"&#8220;Explicando: Xadrez.&#8221; &#8212; I2 - Intelig\u00eancia Artificial\" src=\"http:\/\/treinamentolivre.com\/aluno01\/arquivos\/1054\/embed#?secret=wjNOSpG01D\" data-secret=\"wjNOSpG01D\" width=\"500\" height=\"282\" frameborder=\"0\" marginwidth=\"0\" marginheight=\"0\" scrolling=\"no\"><\/iframe>\n<\/div><\/figure>\n\n\n\n<figure class=\"wp-block-embed is-type-wp-embed is-provider-i-2-inteligencia-artificial wp-block-embed-i-2-inteligencia-artificial\"><div class=\"wp-block-embed__wrapper\">\n<blockquote class=\"wp-embedded-content\" data-secret=\"7Ue44NFmFr\"><a href=\"http:\/\/treinamentolivre.com\/aluno01\/arquivos\/629\">Roboteria &#8211; Sorvete rob\u00f3tico<\/a><\/blockquote><iframe class=\"wp-embedded-content\" sandbox=\"allow-scripts\" security=\"restricted\" style=\"position: absolute; clip: rect(1px, 1px, 1px, 1px);\" title=\"&#8220;Roboteria &#8211; Sorvete rob\u00f3tico&#8221; &#8212; I2 - Intelig\u00eancia Artificial\" src=\"http:\/\/treinamentolivre.com\/aluno01\/arquivos\/629\/embed#?secret=7Ue44NFmFr\" data-secret=\"7Ue44NFmFr\" width=\"500\" height=\"282\" frameborder=\"0\" marginwidth=\"0\" marginheight=\"0\" scrolling=\"no\"><\/iframe>\n<\/div><figcaption>Icebot<\/figcaption><\/figure>\n\n\n\n<figure class=\"wp-block-embed is-type-wp-embed is-provider-manifesto-55 wp-block-embed-manifesto-55\"><div class=\"wp-block-embed__wrapper\">\n<blockquote class=\"wp-embedded-content\" data-secret=\"aAz5l6VjhD\"><a href=\"https:\/\/manifesto55.com\/teoria-das-inteligencias-multiplas-empatia-e-diversidade-na-escola-e-no-trabalho\/\">Teoria das Intelig\u00eancias m\u00faltiplas: empatia e diversidade na escola e no trabalho<\/a><\/blockquote><iframe class=\"wp-embedded-content\" sandbox=\"allow-scripts\" security=\"restricted\" style=\"position: absolute; clip: rect(1px, 1px, 1px, 1px);\" title=\"&#8220;Teoria das Intelig\u00eancias m\u00faltiplas: empatia e diversidade na escola e no trabalho&#8221; &#8212; Manifesto 55\" src=\"https:\/\/manifesto55.com\/teoria-das-inteligencias-multiplas-empatia-e-diversidade-na-escola-e-no-trabalho\/embed\/#?secret=aAz5l6VjhD\" data-secret=\"aAz5l6VjhD\" width=\"500\" height=\"282\" frameborder=\"0\" marginwidth=\"0\" marginheight=\"0\" scrolling=\"no\"><\/iframe>\n<\/div><\/figure>\n\n\n\n<figure class=\"wp-block-embed is-type-wp-embed is-provider-i-2-inteligencia-artificial wp-block-embed-i-2-inteligencia-artificial\"><div class=\"wp-block-embed__wrapper\">\n<blockquote class=\"wp-embedded-content\" data-secret=\"h8Cuy9gpho\"><a href=\"http:\/\/treinamentolivre.com\/aluno01\/arquivos\/249\">Coded Bias<\/a><\/blockquote><iframe class=\"wp-embedded-content\" sandbox=\"allow-scripts\" security=\"restricted\" style=\"position: absolute; clip: rect(1px, 1px, 1px, 1px);\" title=\"&#8220;Coded Bias&#8221; &#8212; I2 - Intelig\u00eancia Artificial\" src=\"http:\/\/treinamentolivre.com\/aluno01\/arquivos\/249\/embed#?secret=h8Cuy9gpho\" data-secret=\"h8Cuy9gpho\" width=\"500\" height=\"282\" frameborder=\"0\" marginwidth=\"0\" marginheight=\"0\" scrolling=\"no\"><\/iframe>\n<\/div><\/figure>\n\n\n\n<figure class=\"wp-block-embed is-type-wp-embed is-provider-i-2-inteligencia-artificial wp-block-embed-i-2-inteligencia-artificial\"><div class=\"wp-block-embed__wrapper\">\n<blockquote class=\"wp-embedded-content\" data-secret=\"JxuXBsrL25\"><a href=\"http:\/\/treinamentolivre.com\/aluno01\/arquivos\/257\">O dilema das redes.<\/a><\/blockquote><iframe class=\"wp-embedded-content\" sandbox=\"allow-scripts\" security=\"restricted\" style=\"position: absolute; clip: rect(1px, 1px, 1px, 1px);\" title=\"&#8220;O dilema das redes.&#8221; &#8212; I2 - Intelig\u00eancia Artificial\" src=\"http:\/\/treinamentolivre.com\/aluno01\/arquivos\/257\/embed#?secret=JxuXBsrL25\" data-secret=\"JxuXBsrL25\" width=\"500\" height=\"282\" frameborder=\"0\" marginwidth=\"0\" marginheight=\"0\" scrolling=\"no\"><\/iframe>\n<\/div><\/figure>\n\n\n\n<p><\/p>\n","protected":false},"excerpt":{"rendered":"<p>O Windows 10 tem o seu Speech Recognition e sua Cortana, reconhecendo sua voz e digitando textos para voc\u00ea (por enquanto, em ingl\u00eas, alem\u00e3o, espanhol, japon\u00eas franc\u00eas, e chin\u00eas). A&#8230;<\/p>\n<div class=\"more-link-wrapper\"><a class=\"more-link\" href=\"https:\/\/treinamentolivre.com\/aluno01\/ia-na-sua-vida\">Continuar a ler&#8230;<span class=\"screen-reader-text\">IA na sua vida<\/span><\/a><\/div>\n","protected":false},"author":2,"featured_media":0,"parent":0,"menu_order":0,"comment_status":"closed","ping_status":"closed","template":"","meta":{"footnotes":""},"_links":{"self":[{"href":"https:\/\/treinamentolivre.com\/aluno01\/wp-json\/wp\/v2\/pages\/115"}],"collection":[{"href":"https:\/\/treinamentolivre.com\/aluno01\/wp-json\/wp\/v2\/pages"}],"about":[{"href":"https:\/\/treinamentolivre.com\/aluno01\/wp-json\/wp\/v2\/types\/page"}],"author":[{"embeddable":true,"href":"https:\/\/treinamentolivre.com\/aluno01\/wp-json\/wp\/v2\/users\/2"}],"replies":[{"embeddable":true,"href":"https:\/\/treinamentolivre.com\/aluno01\/wp-json\/wp\/v2\/comments?post=115"}],"version-history":[{"count":20,"href":"https:\/\/treinamentolivre.com\/aluno01\/wp-json\/wp\/v2\/pages\/115\/revisions"}],"predecessor-version":[{"id":1059,"href":"https:\/\/treinamentolivre.com\/aluno01\/wp-json\/wp\/v2\/pages\/115\/revisions\/1059"}],"wp:attachment":[{"href":"https:\/\/treinamentolivre.com\/aluno01\/wp-json\/wp\/v2\/media?parent=115"}],"curies":[{"name":"wp","href":"https:\/\/api.w.org\/{rel}","templated":true}]}}